{"id":9,"date":"2018-03-27T14:21:16","date_gmt":"2018-03-27T14:21:16","guid":{"rendered":"http:\/\/pontoniere-eglisau.ch\/?page_id=9"},"modified":"2021-04-06T17:37:37","modified_gmt":"2021-04-06T17:37:37","slug":"jungpontoniere","status":"publish","type":"page","link":"https:\/\/www.pontoniere-eglisau.ch\/?page_id=9","title":{"rendered":"Jungpontoniere"},"content":{"rendered":"<p><img loading=\"lazy\" decoding=\"async\" class=\"alignnone wp-image-75 size-medium\" src=\"https:\/\/www.pontoniere-eglisau.ch\/wp-content\/uploads\/2018\/04\/Logo_JP-300x226.png\" alt=\"\" width=\"300\" height=\"226\" srcset=\"https:\/\/www.pontoniere-eglisau.ch\/wp-content\/uploads\/2018\/04\/Logo_JP-300x226.png 300w, https:\/\/www.pontoniere-eglisau.ch\/wp-content\/uploads\/2018\/04\/Logo_JP-768x579.png 768w, https:\/\/www.pontoniere-eglisau.ch\/wp-content\/uploads\/2018\/04\/Logo_JP-1024x772.png 1024w, https:\/\/www.pontoniere-eglisau.ch\/wp-content\/uploads\/2018\/04\/Logo_JP.png 1140w\" sizes=\"auto, (max-width: 300px) 100vw, 300px\" \/><img loading=\"lazy\" decoding=\"async\" class=\"aligncenter wp-image-49 size-large\" src=\"https:\/\/www.pontoniere-eglisau.ch\/wp-content\/uploads\/2018\/03\/JP-1024x233.jpg\" alt=\"\" width=\"525\" height=\"119\" srcset=\"https:\/\/www.pontoniere-eglisau.ch\/wp-content\/uploads\/2018\/03\/JP-1024x233.jpg 1024w, https:\/\/www.pontoniere-eglisau.ch\/wp-content\/uploads\/2018\/03\/JP-300x68.jpg 300w, https:\/\/www.pontoniere-eglisau.ch\/wp-content\/uploads\/2018\/03\/JP-768x175.jpg 768w, https:\/\/www.pontoniere-eglisau.ch\/wp-content\/uploads\/2018\/03\/JP.jpg 1100w\" sizes=\"auto, (max-width: 525px) 100vw, 525px\" \/><\/p>\n<p><strong>&#8230;.das alles und noch viel mehr lernt ein Jungpontonier!<\/strong><\/p>\n<p>Hast Du Freude am Wasser und an der Natur? Sind Ausdauer und Teamgeist keine Fremdw\u00f6rter f\u00fcr Dich? Dazu verbringst Du Deine Freizeit gerne in einer kleinen Gruppe von Gleichgesinnten? &#8211; Dann bist Du richtig bei uns! Jugendliche im Alter von 12 bis 20 Jahren k\u00f6nnen im Pontonierfahrverein das Handwerk des Pontoniersports erlernen. In 5 Kursen lernt man den Umgang mit Ruder, Stachel und Seilwerk. Auch Schwimmen, Schlauchboot- und Motorbootfahren geh\u00f6ren bei uns zum Programm.<\/p>\n<p>Unsere naturverbundene Sportart erfordert wohl etwas Ausdauer und k\u00f6rperlichen Einsatz, doch kommen auch Spiel, Spass und Kameradschaft bei uns ganz sicher nicht zu kurz.<\/p>\n<p>Ein weiteres Highlight:<\/p>\n<p>Jedes Jahr findet in Einigen am Thunersee das Jungpontonierlager statt. W\u00e4hrend 10 Tagen leben die Jungendlichen in einer selbst gebauten Zeltstadt. Tolle Abenteuer und viel Spass ist garantiert. Denn \u00e4lteren Teilnehmern ist es zudem m\u00f6glich, im Lager die Motorbootpr\u00fcfung zu absolvieren.<br \/>\n<a href=\"http:\/\/www.pontonier.ch\/cms\/jungpontonierlager-jungpontoniere-100.html\">Website Jungpontonierlager<br \/>\n<\/a><\/p>\n<p><strong>Schnuppertraining<\/strong><\/p>\n<p>Na, wurde dein Interesse geweckt? Falls du dich f\u00fcr den Pontoniersport interessierst und gerne an einem Schnuppertraining teilnehmen m\u00f6chtes, kannst du einfach an einem Trainingstag in Eglisau oder Rheinsfelden vorbeischauen.<\/p>\n<p>Bitte Kleidung der Witterung entsprechend mitbringen. Wir sind draussen und trainieren bei jedem Wetter.<\/p>\n<p>Weitere Infos zum Schnuppertraining gibt es bei einem der Jungpontonierleiter oder unter jp@pontoniere-eglisau.ch<br \/>\n<strong><br \/>\nJungpontonierleiter:<\/strong><\/p>\n<p><strong>Tobias Weibel<\/strong> | 078 744 01 86<br \/>\n<strong>Meier Mischa<\/strong> | 079 626 69 22<\/p>\n","protected":false},"excerpt":{"rendered":"<p>&#8230;.das alles und noch viel mehr lernt ein Jungpontonier! Hast Du Freude am Wasser und an der Natur? Sind Ausdauer und Teamgeist keine Fremdw\u00f6rter f\u00fcr Dich? Dazu verbringst Du Deine Freizeit gerne in einer kleinen Gruppe von Gleichgesinnten? &#8211; Dann bist Du richtig bei uns! Jugendliche im Alter von 12 bis 20 Jahren k\u00f6nnen im &hellip; <\/p>\n<p class=\"link-more\"><a href=\"https:\/\/www.pontoniere-eglisau.ch\/?page_id=9\" class=\"more-link\"><span class=\"screen-reader-text\">\u201eJungpontoniere\u201c<\/span> weiterlesen<\/a><\/p>\n","protected":false},"author":1,"featured_media":0,"parent":0,"menu_order":0,"comment_status":"closed","ping_status":"closed","template":"","meta":{"footnotes":""},"class_list":["post-9","page","type-page","status-publish","hentry"],"_links":{"self":[{"href":"https:\/\/www.pontoniere-eglisau.ch\/index.php?rest_route=\/wp\/v2\/pages\/9","targetHints":{"allow":["GET"]}}],"collection":[{"href":"https:\/\/www.pontoniere-eglisau.ch\/index.php?rest_route=\/wp\/v2\/pages"}],"about":[{"href":"https:\/\/www.pontoniere-eglisau.ch\/index.php?rest_route=\/wp\/v2\/types\/page"}],"author":[{"embeddable":true,"href":"https:\/\/www.pontoniere-eglisau.ch\/index.php?rest_route=\/wp\/v2\/users\/1"}],"replies":[{"embeddable":true,"href":"https:\/\/www.pontoniere-eglisau.ch\/index.php?rest_route=%2Fwp%2Fv2%2Fcomments&post=9"}],"version-history":[{"count":7,"href":"https:\/\/www.pontoniere-eglisau.ch\/index.php?rest_route=\/wp\/v2\/pages\/9\/revisions"}],"predecessor-version":[{"id":169,"href":"https:\/\/www.pontoniere-eglisau.ch\/index.php?rest_route=\/wp\/v2\/pages\/9\/revisions\/169"}],"wp:attachment":[{"href":"https:\/\/www.pontoniere-eglisau.ch\/index.php?rest_route=%2Fwp%2Fv2%2Fmedia&parent=9"}],"curies":[{"name":"wp","href":"https:\/\/api.w.org\/{rel}","templated":true}]}}