{"id":1009,"date":"2023-03-22T20:15:50","date_gmt":"2023-03-22T20:15:50","guid":{"rendered":"http:\/\/pontoniere-eglisau.ch\/?page_id=1009"},"modified":"2026-04-08T06:07:19","modified_gmt":"2026-04-08T06:07:19","slug":"schnuppertraining","status":"publish","type":"page","link":"https:\/\/www.pontoniere-eglisau.ch\/?page_id=1009","title":{"rendered":"Schnuppertraining"},"content":{"rendered":"\n<p>Falls du dich f\u00fcr den Pontoniersport interessierst und gerne an einem Schnuppertraining teilnehmen m\u00f6chtest, kannst du einfach an einem Trainingstag in Eglisau oder Rheinsfelden vorbeischauen.<br>Das Schnuppertraining ist offen f\u00fcr alle ab 10 Jahren, auch Erwachsene sind herzlich willkommen. <\/p>\n\n\n\n<p>Wir trainieren jeweils am Dienstag und Donnerstag in den Monaten M\u00e4rz bis Oktober.<\/p>\n\n\n\n<p>Der Verein hat zwei Trainingspl\u00e4tze. Der Rhein in Eglisau ist gestaut, das erm\u00f6glicht unseren Jungpontonieren gute Lern- und Trainingsm\u00f6glichkeiten. Die Aktivmitglieder nutzen die sanfte Str\u00f6mung f\u00fcr Konditionstrainings oder gem\u00fctliche Plauschfahrten. In Rheinsfelden, das sich 5 km Flussabw\u00e4rts befindet, absolvieren alle Mitglieder ihre regelm\u00e4ssigen \u00dcbungen. Das Trainingsgel\u00e4nde beginnt etwa 200 Meter unterhalb des Kraftwerks.<\/p>\n\n\n\n<p>Bitte Kleidung der Witterung entsprechend mitbringen. Wir sind draussen und trainieren bei jedem Wetter.<br>Gutes stabiles Schuhwerk ist Pflicht.<\/p>\n\n\n\n<p>Das Training findet je nach Alter wie folgt statt:<\/p>\n\n\n\n<p><a href=\"https:\/\/pontoniere-eglisau.ch\/?page_id=10\" data-type=\"page\" data-id=\"10\">Jahresprogramm<\/a><\/p>\n\n\n\n<p>Weitere Infos zum Schnuppertraining gibt es auch bei einem der Jungpontonierleiter oder unter info@pontoniere-eglisau.ch<br><strong><br>Jungpontonierleiter:<\/strong><\/p>\n\n\n\n<p><strong>Tobias Weibel<\/strong> | 078 744 01 86<br><strong>Meier Mischa<\/strong> | 079 626 69 22<\/p>\n\n\n\n<p>Den Trainingsplatz Rheinsfelden findest du auf der Karte. Zufahrt durchs Fahrverbot ist f\u00fcr Pontoniere gestattet.<\/p>\n\n\n\t\t<div\n            id=\"wpmapblock_7ffd5e6e\"\n            data-settings='{&quot;map_marker&quot;:[{&quot;lat&quot;:&quot;47.57202848067&quot;,&quot;lng&quot;:&quot;8.467446563409&quot;,&quot;title&quot;:&quot;Trainingsdepot Pontoniere Eglisau&quot;,&quot;content&quot;:&quot;Rhibodenweg 3, 8192 Zweidlen&quot;,&quot;iconType&quot;:&quot;custom&quot;,&quot;customIconUrl&quot;:&quot;https:\\\/\\\/www.pontoniere-eglisau.ch\\\/wp-content\\\/uploads\\\/2018\\\/03\\\/cropped-Logo-1.png&quot;,&quot;customIconWidth&quot;:&quot;25&quot;,&quot;customIconHeight&quot;:&quot;25&quot;}],&quot;map_zoom&quot;:10,&quot;scroll_wheel_zoom&quot;:&quot;1&quot;,&quot;map_type&quot;:&quot;OSM&quot;,&quot;center_index&quot;:0}'\n            class=\"wpmapblockrender\"\n            style=\"\n\t\t\twidth: 100%;\n\t\t\theight: 598px;\n\t\t\"\n            >\n        <\/div>\n        \n\n\n<p>Den Flyer zum Schnuppertraining findest Du nachfolgend.<\/p>\n\n\n\n<div data-wp-interactive=\"core\/file\" class=\"wp-block-file\"><object data-wp-bind--hidden=\"!state.hasPdfPreview\" hidden class=\"wp-block-file__embed\" data=\"https:\/\/www.pontoniere-eglisau.ch\/wp-content\/uploads\/2023\/03\/2023_Flyer_Pont.pdf\" type=\"application\/pdf\" style=\"width:100%;height:651px\" aria-label=\"Einbettung von 2023_Flyer_Pont.\"><\/object><a id=\"wp-block-file--media-854797da-e70e-46d0-9b67-4edc5c7661ae\" href=\"https:\/\/www.pontoniere-eglisau.ch\/wp-content\/uploads\/2023\/03\/2023_Flyer_Pont.pdf\">2023_Flyer_Pont<\/a><a href=\"https:\/\/www.pontoniere-eglisau.ch\/wp-content\/uploads\/2023\/03\/2023_Flyer_Pont.pdf\" class=\"wp-block-file__button wp-element-button\" download aria-describedby=\"wp-block-file--media-854797da-e70e-46d0-9b67-4edc5c7661ae\">Herunterladen<\/a><\/div>\n","protected":false},"excerpt":{"rendered":"<p>Falls du dich f\u00fcr den Pontoniersport interessierst und gerne an einem Schnuppertraining teilnehmen m\u00f6chtest, kannst du einfach an einem Trainingstag in Eglisau oder Rheinsfelden vorbeischauen.Das Schnuppertraining ist offen f\u00fcr alle ab 10 Jahren, auch Erwachsene sind herzlich willkommen. Wir trainieren jeweils am Dienstag und Donnerstag in den Monaten M\u00e4rz bis Oktober. Der Verein hat zwei &hellip; <\/p>\n<p class=\"link-more\"><a href=\"https:\/\/www.pontoniere-eglisau.ch\/?page_id=1009\" class=\"more-link\"><span class=\"screen-reader-text\">\u201eSchnuppertraining\u201c<\/span> weiterlesen<\/a><\/p>\n","protected":false},"author":3,"featured_media":0,"parent":0,"menu_order":0,"comment_status":"closed","ping_status":"closed","template":"","meta":{"footnotes":""},"class_list":["post-1009","page","type-page","status-publish","hentry"],"_links":{"self":[{"href":"https:\/\/www.pontoniere-eglisau.ch\/index.php?rest_route=\/wp\/v2\/pages\/1009","targetHints":{"allow":["GET"]}}],"collection":[{"href":"https:\/\/www.pontoniere-eglisau.ch\/index.php?rest_route=\/wp\/v2\/pages"}],"about":[{"href":"https:\/\/www.pontoniere-eglisau.ch\/index.php?rest_route=\/wp\/v2\/types\/page"}],"author":[{"embeddable":true,"href":"https:\/\/www.pontoniere-eglisau.ch\/index.php?rest_route=\/wp\/v2\/users\/3"}],"replies":[{"embeddable":true,"href":"https:\/\/www.pontoniere-eglisau.ch\/index.php?rest_route=%2Fwp%2Fv2%2Fcomments&post=1009"}],"version-history":[{"count":12,"href":"https:\/\/www.pontoniere-eglisau.ch\/index.php?rest_route=\/wp\/v2\/pages\/1009\/revisions"}],"predecessor-version":[{"id":1196,"href":"https:\/\/www.pontoniere-eglisau.ch\/index.php?rest_route=\/wp\/v2\/pages\/1009\/revisions\/1196"}],"wp:attachment":[{"href":"https:\/\/www.pontoniere-eglisau.ch\/index.php?rest_route=%2Fwp%2Fv2%2Fmedia&parent=1009"}],"curies":[{"name":"wp","href":"https:\/\/api.w.org\/{rel}","templated":true}]}}